 factor of 15 and b?
15
Let z(p) = -p**2 + 9*p - 6. Let w be z(7). Suppose -k + 5*k = 4. Calculate the highest common factor of w and k.
1
Let i be (12/(-8))/((-3)/4). Let o be 1 + (3 - (i + -1)). Let n be (o/(-9) - -1)*84. Calculate the highest common divisor of 14 and n.
14
Suppose -3*h = 7 - 22. Suppose -5*i - 3*m = -m - 24, 3 = 3*i + h*m. Let f(p) = 14*p + 4. Let j be f(i). What is the highest common factor of 11 and j?
11
Suppose 3*t - 27 = -9. What is the greatest common divisor of 6 and t?
6
Let i = 59 - 52. What is the highest common factor of i and 175?
7
Let h(s) = 2*s**2 + 2*s + 1. Let l be h(-2). Let y(z) = z**2 + 7. Let p be y(l). What is the highest common factor of 4 and p?
4
Let s = 50 + -92. Let l be s/(-4) + 3/2. What is the greatest common factor of l and 96?
12
Let d be (1/2)/((-2)/(-20)). Calculate the highest common divisor of d and 5.
5
Let g(w) = w**2 + 5*w + 5. Let j be g(-5). Suppose 3*h + 22 = -3*t + 76, -4*t = -j*h - 27. What is the highest common divisor of 91 and t?
13
Let t(h) = 3*h. Let i be t(1). Suppose -4*p + 26 = i*z, 4*z - 3*p + 7 = -0. What is the greatest common divisor of z and 2?
2
Let j(k) = 3*k - 4. Let o be j(4). Let d = -8 - -16. What is the greatest common factor of d and o?
8
Let m be 2*-13*2*-2. What is the greatest common divisor of 13 and m?
13
Suppose -18 = -j - 25. Let n = 14 + j. What is the highest common factor of 1 and n?
1
Let h be 44/(126/(-105)*(-5)/3). Calculate the highest common divisor of 33 and h.
11
Let n = -2 + 10. Calculate the highest common factor of n and 16.
8
Suppose -3*f - 5*v = -2*v + 9, 5*v = 5*f - 15. Suppose d + 219 + 0 = f. Let o = 359 + d. Calculate the greatest common divisor of o and 20.
20
Let x(l) = 5*l**2 + 3*l - 3. Let j be x(2). What is the highest common divisor of 69 and j?
23
Suppose 0*n + 3*o + 5 = n, n = -o + 17. Calculate the highest common factor of 98 and n.
14
Let a(j) = j**3 - 25*j**2 + 46*j + 14. Let y be a(23). Suppose 0 = -0*k - k + 126. What is the greatest common factor of k and y?
14
Suppose 0 = s + 5*l + 18, -s + 5*s - 3*l = 43. Let i = s + -1. Let q = -5 - -7. Calculate the highest common factor of i and q.
2
Let d(z) = z**2 + 5*z - 12. Let v be 22*((-1)/(-2))/1. Suppose -v = 3*c + 16. Let y be d(c). What is the highest common factor of 6 and y?
6
Let f(w) = -w**3 - 11*w**2 + 14*w + 28. Let l be f(-12). What is the highest common factor of 36 and l?
4
Let g = 84 - 24. Suppose -17*j = -14*j - g. What is the greatest common divisor of 140 and j?
20
Suppose 4*n + 252 = 10*n. What is the highest common factor of n and 14?
14
Let l be (-26)/(-6) - (-1)/(-3). Suppose -48 = -4*i + 2*f, -l*f + 30 = -3*i + 4*i. What is the highest common factor of 35 and i?
7
Let i(g) = 12*g**2 - g + 2. Let t be i(1). Calculate the greatest common divisor of t and 104.
13
Suppose 5*d - 57 = -12. Let l = -165 - -487. Suppose -154 = -2*r - 4*q, 4*r + q = -0*r + l. Calculate the greatest common divisor of r and d.
9
Let p(g) = -2*g - 3. Let o be p(-5). Suppose 2*k - 5*b - 36 = 0, -k + o = 3*b - 0. Let l = 37 + 2. Calculate the highest common factor of l and k.
13
Let a be 0 - (0 - 0)/(-1). Suppose a = -3*z + 5*q + 171, 2*q = -0*z - 3*z + 150. Suppose -5*r - 18 = -83. Calculate the highest common divisor of z and r.
13
Let a = 4 - 2. Let s be ((-128)/12)/(a/(-9)). Calculate the greatest common factor of s and 72.
24
Let z = 35 - -1. Let a(b) = 8*b + 7. Let j(m) = 9*m + 8. Let d(s) = 7*a(s) - 6*j(s). Let i be d(4). Calculate the highest common factor of i and z.
9
Let z be ((2 - 4) + 23)*-1. Let n = 29 + z. What is the greatest common factor of n and 32?
8
Let o be (198/(-36))/((-1)/2). Calculate the highest common factor of 121 and o.
11
Suppose 3*h = -r - 2 - 11, -3*r - h - 23 = 0. Let z = 35 + r. What is the greatest common divisor of 7 and z?
7
Suppose 10 = -k + 4*n, 2*k - 5*n + 55 = 5*k. What is the highest common factor of 4 and k?
2
Let f(v) = -4 - v**2 + v**3 + 2*v**2 - 4*v**2. Let i be f(4). Calculate the highest common factor of 18 and i.
6
Let s = 102 + -22. Let z be (-3)/6 + (-1)/(-2). Suppose 2*w - v - 35 = 0, z = -0*v + 2*v - 10. Calculate the highest common divisor of s and w.
20
Suppose b - 2*l - 17 = 0, 0 = -6*b + 3*b - 3*l + 15. Let u = -23 + 40. Suppose h - 4*o - u = 0, 0*o + 2 = -o. What is the highest common divisor of b and h?
9
Let o be ((-6)/(-15)*1)/(3/135). Calculate the greatest common divisor of 36 and o.
18
Suppose 34 + 16 = 5*m. What is the greatest common divisor of m and 160?
10
Let x = 7 - 5. Suppose 0 = -g + x*j + 90, -5*g - 3*j = -641 + 152. What is the greatest common factor of g and 12?
12
Suppose 3*n = 5*a + 5, -a + 2*n = 4*a. Suppose -t = 4*i - 62, 9 + 13 = a*i - 4*t. What is the greatest common divisor of 6 and i?
3
Let d(x) = 4*x**2 + 4*x. Let w be d(3). Suppose 5*k = 3*k + w. Calculate the highest common factor of k and 60.
12
Let o be 9/(9/(-6)*1). Let n be 3 + 27 + o/(-2). What is the highest common factor of n and 11?
11
Let i = -12 + 20. What is the greatest common factor of i and 8?
8
Suppose 0 = -r + 2*s + 18 + 21, -5*r = -5*s - 190. Let n = r - 20. Suppose 10 = -2*m + 44. What is the highest common divisor of m and n?
17
Let k = -6 - -10. Suppose 0*o = -k*o + 16. Suppose -9*m + o*m + 10 = 0. Calculate the highest common factor of 5 and m.
1
Suppose -2*f - 3*f + 52 = 3*l, -l + 16 = f. Let w(t) = -3*t + 3. Let s be w(6). Let x = s - -71. What is the highest common divisor of x and l?
14
Let w be (-12)/(-2)*3/6. Let h be ((2 + -3)*0)/1. Suppose w*n - 2*y = 1, h*n - 4*y = 2*n - 22. What is the highest common divisor of n and 33?
3
Suppose 9*o - 4*o - 5 = 0. Let v = o - -7. What is the greatest common factor of 1 and v?
1
Let c(r) = -r**3 - 2*r**2 - 2*r + 3. Let p be c(-3). Let h(o) = -o**3 - 2*o**2 + 4*o + 2. Let a be h(-4). What is the highest common factor of a and p?
18
Let c be -2 + 0 + (-57)/(-3). What is the highest common factor of c and 34?
17
Suppose -2 - 2 = 4*f. Let t be (-2 - f) + 2 - -2. Suppose m - t*m = -6. Calculate the greatest common divisor of m and 2.
1
Suppose l + k + 3 = 3*l, -2*l - 3*k + 23 = 0. Let c be (l - -2)*(-2 - -20). Calculate the greatest common factor of c and 12.
12
Let q(v) = 5*v - 9. Let l be q(6). Suppose 2*a - l = -3. Let x be 2*((-50)/(-4) - -1). What is the highest common factor of a and x?
9
Let h(w) = 42*w + 3. Let n be h(-3). Let o = n - -195. Suppose -2*s = -5*s + o. Calculate the greatest common divisor of 3 and s.
3
Let n(h) = -11*h - 25. Let x be n(-8). Calculate the highest common factor of x and 21.
21
Suppose -2*m = -0*m - 108. What is the highest common divisor of m and 2?
2
Suppose 2*u = 8*u - 6. What is the highest common divisor of 5 and u?
1
Suppose t - 2*t = -15. Suppose 2 = -5*p + 2*s + 27, 4*s + t = 3*p. What is the highest common divisor of 45 and p?
5
Let d be 7/(-28) - 9/(-4). Suppose -21 - 123 = -d*r. Suppose z - 8 = -z, 2*h - r = 3*z. Calculate the greatest common factor of h and 28.
14
Suppose -5 = -2*j - 3*j. Let q be j/((-3)/384*-2). Calculate the greatest common divisor of 16 and q.
16
Let c(s) = s + 45. Let f be c(0). Calculate the greatest common divisor of 30 and f.
15
Let g be (-1235)/10 - (-6)/(-4). Let r be (-1)/3 + g/(-15). Let b = -6 + r. What is the highest common factor of b and 2?
2
Suppose -2*a + 3*l + 20 = 0, -4*a - 3*l + 58 = -0*l. Calculate the highest common divisor of a and 52.
13
Let t = -37 + 40. Suppose -v + 78 = 6*d - 3*d, -5*v + 364 = 2*d. Suppose 0*j + t*j = v. What is the greatest common factor of 16 and j?
8
Suppose 0 = 2*p - 5*p - 18. Let n be (-2)/p - 22/(-6). Let q be 3/(-6) - (-66)/n. What is the highest common divisor of 2 and q?
2
Let t be (2/((-2)/31))/(-1). Let u(g) = g**3 - 5*g**2 + 5. Let d be u(5). Suppose -2*h - d = -t. What is the highest common divisor of 143 and h?
13
Suppose 0 = -2*x - 4 + 6. Suppose 1 = -3*g + 10. Calculate the highest common divisor of x and g.
1
Let d(p) = 2*p - 9. Let n(b) = -b**3 - b**2 - b + 1. Let r be n(-2). Let t be d(r). What is the highest common divisor of 5 and t?
5
Suppose 4*s - 142 = -2*l + 82, -2*l = -s - 204. What is the highest common divisor of l and 13?
13
Suppose y - t - 28 - 9 = 0, -2*y = 4*t - 44. Suppose 2*f - y = 32. Calculate the greatest common divisor of 16 and f.
16
Suppo